{"id":28,"date":"2021-01-04T14:46:30","date_gmt":"2021-01-04T14:46:30","guid":{"rendered":"http:\/\/annedubos.com\/?page_id=28"},"modified":"2026-02-26T10:19:12","modified_gmt":"2026-02-26T10:19:12","slug":"research","status":"publish","type":"page","link":"https:\/\/annedubos.com\/index.php\/research\/","title":{"rendered":"Research"},"content":{"rendered":"\t\t<div data-elementor-type=\"wp-page\" data-elementor-id=\"28\" class=\"elementor elementor-28\" data-elementor-settings=\"[]\">\n\t\t\t\t\t\t<div class=\"elementor-inner\">\n\t\t\t\t\t\t\t<div class=\"elementor-section-wrap\">\n\t\t\t\t\t\t\t<section class=\"elementor-section elementor-top-section elementor-element elementor-element-45b59940 elementor-section-boxed elementor-section-height-default elementor-section-height-default\" data-id=\"45b59940\" data-element_type=\"section\">\n\t\t\t\t\t\t<div class=\"elementor-container elementor-column-gap-default\">\n\t\t\t\t\t\t\t<div class=\"elementor-row\">\n\t\t\t\t\t<div class=\"elementor-column elementor-col-100 elementor-top-column elementor-element elementor-element-644399aa\" data-id=\"644399aa\" data-element_type=\"column\">\n\t\t\t<div class=\"elementor-column-wrap elementor-element-populated\">\n\t\t\t\t\t\t\t<div class=\"elementor-widget-wrap\">\n\t\t\t\t\t\t<div class=\"elementor-element elementor-element-7c2b148 elementor-widget elementor-widget-text-editor\" data-id=\"7c2b148\" data-element_type=\"widget\" data-widget_type=\"text-editor.default\">\n\t\t\t\t<div class=\"elementor-widget-container\">\n\t\t\t\t\t<div class=\"elementor-text-editor elementor-clearfix\"><p>\u00c0 partir de l&#8217;analyse de cas concrets de performances (danse, th\u00e9\u00e2tre, rites), la recherche d&#8217;Anne Dubos vise \u00e0 analyser la transformation du geste humain \u00e0 travers le temps, l&#8217;espace et les cultures.<\/p>\n<p>Son hypoth\u00e8se propose la notion \u00ab\u00a0d\u2019\u00e9cologies de pratiques\u00a0\u00bb \u2014 fond\u00e9e sur celle &#8220;d&#8217;\u00e9cologie de l&#8217;esprit&#8221; de Gregory Bateson.<\/p>\n<p>Anne a notamment \u00e9tudi\u00e9 la passation des techniques du corps dans les th\u00e9\u00e2tres indiens selon une analyse cybern\u00e9tique du geste. Sa recherche met en valeur la notion d\u2019improvisation comme celle d\u2019orthopraxie. <br \/><br \/>Elle tend aujourd\u2019hui \u00e0 questionner les avanc\u00e9es \u00e9pist\u00e9mologiques et technologiques num\u00e9riques \u00e0 travers la conception de dispositifs et d\u2019installations transm\u00e9diales.<\/p>\n<p>\u00c0 travers le concept de Care, elle met \u00e9galement en relation la g\u00e9n\u00e9ration des espaces latents \u2014 produits par les interactions Humain-Machine \u2014 et la r\u00e9duction des territoires de for\u00eats.<\/p>\n<p>L&#8217;objectif au long cours de son projet de recherche est de favoriser l\u2019\u00e9mergence de connaissances relatives aux techniques du corps telles des connaissances situ\u00e9es.<br \/><br \/>Le prisme du geste \u2014 d\u00e9fini comme plus petit \u00e9l\u00e9ment symbolique d\u2019une culture technique \u2014 lui permet d\u2019explorer divers terrains. <br \/><br \/>Cette recherche transversale est exerc\u00e9e par la pratique, vise \u00e0 g\u00e9n\u00e9rer de nouveaux outils pour la recherche aux fronti\u00e8res des arts et des sciences sociales.<\/p><\/div>\n\t\t\t\t<\/div>\n\t\t\t\t<\/div>\n\t\t\t\t<div class=\"elementor-element elementor-element-626c6f98 elementor-widget elementor-widget-text-editor\" data-id=\"626c6f98\" data-element_type=\"widget\" data-widget_type=\"text-editor.default\">\n\t\t\t\t<div class=\"elementor-widget-container\">\n\t\t\t\t\t<div class=\"elementor-text-editor elementor-clearfix\"><p>\u00a0<\/p>\n<p><!-- \/wp:paragraph --><!-- wp:paragraph --><\/p>\n<p><!-- \/wp:paragraph --><!-- wp:paragraph --><\/p>\n<p><!-- \/wp:paragraph --><!-- wp:heading {\"level\":3} --><\/p>\n<h3><span style=\"font-size: 1.75rem;\">La Gestoth\u00e8que<\/span><\/h3>\n<p><!-- \/wp:heading --><!-- wp:paragraph --><\/p>\n<p><em>La Gestoth\u00e8que<\/em> se compose de catalogues de gestes collect\u00e9s \u00e0 travers ma pratique d\u2019artiste chor\u00e9graphe.\u00a0<br \/><br \/>Elle est produite \u00e0 partir de photographies, de dessins, de collections d\u2019images, de vid\u00e9os, de textes mais aussi dune s\u00e9rie d&#8217;interviews d\u2019experts du geste, provenant de diff\u00e9rentes disciplines (chant, danse, chor\u00e9graphie, anthropologie de la communication, physique, biom\u00e9canique, musique \u00e9lectronique).<\/p>\n<p><!-- \/wp:paragraph --><!-- wp:paragraph --><\/p>\n<p><!-- \/wp:paragraph --><!-- wp:image {\"id\":144,\"sizeSlug\":\"large\",\"linkDestination\":\"none\"} --><\/p>\n<figure class=\"wp-block-image size-large\"><img loading=\"lazy\" decoding=\"async\" width=\"2560\" height=\"2378\" class=\"wp-image-144\" src=\"http:\/\/annedubos.com\/wp-content\/uploads\/2021\/01\/La_gestotheque-1-scaled.jpg\" alt=\"\" srcset=\"https:\/\/annedubos.com\/wp-content\/uploads\/2021\/01\/La_gestotheque-1-scaled.jpg 2560w, https:\/\/annedubos.com\/wp-content\/uploads\/2021\/01\/La_gestotheque-1-300x279.jpg 300w\" sizes=\"auto, (max-width: 2560px) 100vw, 2560px\" \/>\n<p>Cartographie de La Gestoth\u00e8que, Anne Dubos, 2018.<\/p>\n<\/figure>\n<p><!-- \/wp:image --><!-- wp:quote {\"className\":\"is-style-default\"} --><\/p>\n<blockquote class=\"wp-block-quote is-style-default\">\n<p><!-- wp:paragraph --><\/p>\n<p>Pour son lancement, en 2015, <em>La Gestoth\u00e8que<\/em>\u00a0fut l&#8217;invit\u00e9e de l\u2019ENSCI-Les Ateliers sous forme d&#8217;un s\u00e9minaire de recherche :\u00a0<a href=\"https:\/\/blog.ensci.com\/phenorama\/seminaire-de-recherche\/\">Indian Gestoth\u00e8que.<\/a> <br \/><br \/>Depuis 2016, elle entre en collaboration avec l\u2019IRCAM sur les projets\u00a0<a href=\"http:\/\/cosima.ircam.fr\/2016\/04\/18\/workshop-smartphones-and-movement-ensci-les-ateliers\/\">CoSiMA,<\/a>\u00a0<a href=\"https:\/\/como.ircam.fr\/about\">CoMo<\/a>, et RapidMix, pour le projet p\u00e9dagogique\u00a0<em>SmartMove<\/em>.<\/p>\n<p><!-- \/wp:paragraph --><!-- wp:paragraph --><\/p>\n<p>En 2017,<em> La Gestoth\u00e8que<\/em> \u00e9tait invit\u00e9e par l\u2019Ambassade de France en Inde, pour une s\u00e9rie d\u2019ateliers sur la question du <em><a href=\"https:\/\/www.youtube.com\/watch?v=9VXgLReMQCE\">gesture design<\/a> (Tata Institute for Social Sciences, Bombay, IIT Bombay, Ubi Soft Pune).<\/em> <br \/><br \/>Ces divers it\u00e9rations ont donn\u00e9 lieu \u00e0 plusieurs <a href=\"https:\/\/annedubos.com\/index.php\/publications\/\">publications,<\/a><br \/>et\u00a0au projet de p\u00e9dagogie par le mouvement : <a href=\"https:\/\/padlet.com\/lagestotheque\/k1gmbdptxzy30x0f\">LeMon<\/a> (Learning by Moving).<\/p>\n<p>\u00a0<\/p>\n<\/blockquote>\n<p><!-- \/wp:heading --><!-- wp:paragraph --><\/p>\n<p><!-- \/wp:paragraph --><!-- wp:image {\"id\":146,\"width\":615,\"height\":854,\"sizeSlug\":\"large\",\"linkDestination\":\"none\"} --><\/p>\n<figure class=\"wp-block-image size-large is-resized\"><img loading=\"lazy\" decoding=\"async\" class=\"wp-image-146\" src=\"http:\/\/annedubos.com\/wp-content\/uploads\/2021\/01\/Map-Gestotheque-737x1024.jpg\" alt=\"\" width=\"615\" height=\"854\" srcset=\"https:\/\/annedubos.com\/wp-content\/uploads\/2021\/01\/Map-Gestotheque-737x1024.jpg 737w, https:\/\/annedubos.com\/wp-content\/uploads\/2021\/01\/Map-Gestotheque-216x300.jpg 216w, https:\/\/annedubos.com\/wp-content\/uploads\/2021\/01\/Map-Gestotheque-768x1067.jpg 768w, https:\/\/annedubos.com\/wp-content\/uploads\/2021\/01\/Map-Gestotheque-1106x1536.jpg 1106w, https:\/\/annedubos.com\/wp-content\/uploads\/2021\/01\/Map-Gestotheque-720x1000.jpg 720w, https:\/\/annedubos.com\/wp-content\/uploads\/2021\/01\/Map-Gestotheque.jpg 1474w\" sizes=\"auto, (max-width: 615px) 100vw, 615px\" \/>\n<p>\u00a0<\/p>\n<figcaption class=\"wp-element-caption\">Cartographie de La Gestoth\u00e8que, Anne Dubos, 2015.<\/figcaption>\n<\/figure>\n<p><!-- \/wp:image --><!-- wp:paragraph --><\/p>\n<p><!-- \/wp:paragraph --><!-- wp:paragraph --><\/p>\n<p><!-- \/wp:paragraph --><!-- wp:heading {\"level\":3} --><\/p>\n<h3>\u00a0<\/h3>\n<h3>La question des territoires et des habitabilit\u00e9s<\/h3>\n<p><!-- \/wp:heading --><!-- wp:paragraph --><\/p>\n<p>Deux mois apr\u00e8s ma soutenance de th\u00e8se, je fus recrut\u00e9e comme chercheur post-doc par l&#8217;ANR TerrHab et le laboratoire de Sciences Sociales PACTE, de Grenoble.<\/p>\n<p>Il s\u2019agissait de produire une analyse comparative des pratiques r\u00e9cr\u00e9atives entre la pente du Vercors et les Coteaux du Juran\u00e7on.\u00a0<\/p>\n<p>En vue d\u2019articuler une th\u00e9orie de l\u2019<em>habit\u00e9<\/em>\u00a0mobile, j\u2019y ai d\u00e9velopp\u00e9 les notions\u00a0<em>d&#8217;intensitom\u00e9trie<\/em>, relative aux travaux d&#8217;Albert Piette et de\u00a0<em>ludopaysage<\/em>\u00a0relative aux \u00e9crits d&#8217;Augustin Berque sur la\u00a0<em>cosmophanie<\/em>.\u00a0<\/p>\n<p>Je m\u2019inspirai \u00e9galement de la th\u00e9orie des &#8211;<em>scapes<\/em>\u00a0d\u2019Arjun Appadurai, la combinant \u00e0 la proposition d&#8217;une g\u00e9ographie temporelle (<em>Time Geography<\/em>) de Sonia Chardonnel.\u00a0<\/p>\n<p><!-- \/wp:paragraph --><!-- wp:paragraph --><\/p>\n<p>Le travail sur les Habitabilit\u00e9s se d\u00e9cline aujourd&#8217;hui sous le titre de <em>Cosmophanies <\/em>et <em>Sonographies.<\/em><\/p>\n<p><!-- \/wp:paragraph --><!-- wp:image {\"id\":812,\"sizeSlug\":\"large\",\"linkDestination\":\"none\"} --><\/p>\n<figure class=\"wp-block-image size-large\"><img loading=\"lazy\" decoding=\"async\" width=\"1024\" height=\"683\" class=\"wp-image-812\" src=\"https:\/\/annedubos.com\/wp-content\/uploads\/2021\/03\/3Q6B4432-1024x683.jpg\" alt=\"\" srcset=\"https:\/\/annedubos.com\/wp-content\/uploads\/2021\/03\/3Q6B4432-1024x683.jpg 1024w, https:\/\/annedubos.com\/wp-content\/uploads\/2021\/03\/3Q6B4432-300x200.jpg 300w, https:\/\/annedubos.com\/wp-content\/uploads\/2021\/03\/3Q6B4432-768x512.jpg 768w, https:\/\/annedubos.com\/wp-content\/uploads\/2021\/03\/3Q6B4432-1536x1024.jpg 1536w, https:\/\/annedubos.com\/wp-content\/uploads\/2021\/03\/3Q6B4432-2048x1365.jpg 2048w, https:\/\/annedubos.com\/wp-content\/uploads\/2021\/03\/3Q6B4432-720x480.jpg 720w\" sizes=\"auto, (max-width: 1024px) 100vw, 1024px\" \/>\n<p>Hasmas, Parc Naturel R\u00e9gional, Roumanie, Anne Dubos, 2020.<\/p>\n<\/figure>\n<p><!-- \/wp:image --><!-- wp:paragraph --><\/p>\n<p><!-- \/wp:paragraph --><!-- wp:paragraph --><\/p>\n<p><!-- \/wp:paragraph --><!-- wp:paragraph --><\/p>\n<p><!-- \/wp:paragraph --><!-- wp:heading {\"level\":3} --><\/p>\n<h3>\u00a0<\/h3>\n<p><!-- \/wp:quote --><!-- wp:paragraph --><\/p>\n<p><!-- \/wp:paragraph --><\/p><\/div>\n\t\t\t\t<\/div>\n\t\t\t\t<\/div>\n\t\t\t\t\t\t<\/div>\n\t\t\t\t\t<\/div>\n\t\t<\/div>\n\t\t\t\t\t\t\t\t<\/div>\n\t\t\t\t\t<\/div>\n\t\t<\/section>\n\t\t\t\t\t\t<\/div>\n\t\t\t\t\t\t<\/div>\n\t\t\t\t\t<\/div>\n\t\t","protected":false},"excerpt":{"rendered":"<p>\u00c0 partir de l&#8217;analyse de cas concrets de performances (danse, th\u00e9\u00e2tre, rites), la recherche d&#8217;Anne Dubos vise \u00e0 analyser la [&hellip;]<\/p>\n","protected":false},"author":1,"featured_media":0,"parent":0,"menu_order":0,"comment_status":"closed","ping_status":"closed","template":"","meta":{"footnotes":""},"class_list":["post-28","page","type-page","status-publish","hentry","col-lg-4 col-md-6"],"_links":{"self":[{"href":"https:\/\/annedubos.com\/index.php\/wp-json\/wp\/v2\/pages\/28","targetHints":{"allow":["GET"]}}],"collection":[{"href":"https:\/\/annedubos.com\/index.php\/wp-json\/wp\/v2\/pages"}],"about":[{"href":"https:\/\/annedubos.com\/index.php\/wp-json\/wp\/v2\/types\/page"}],"author":[{"embeddable":true,"href":"https:\/\/annedubos.com\/index.php\/wp-json\/wp\/v2\/users\/1"}],"replies":[{"embeddable":true,"href":"https:\/\/annedubos.com\/index.php\/wp-json\/wp\/v2\/comments?post=28"}],"version-history":[{"count":70,"href":"https:\/\/annedubos.com\/index.php\/wp-json\/wp\/v2\/pages\/28\/revisions"}],"predecessor-version":[{"id":2917,"href":"https:\/\/annedubos.com\/index.php\/wp-json\/wp\/v2\/pages\/28\/revisions\/2917"}],"wp:attachment":[{"href":"https:\/\/annedubos.com\/index.php\/wp-json\/wp\/v2\/media?parent=28"}],"curies":[{"name":"wp","href":"https:\/\/api.w.org\/{rel}","templated":true}]}}