{"id":35,"date":"2021-09-20T19:15:58","date_gmt":"2021-09-20T19:15:58","guid":{"rendered":"http:\/\/annedubos.com\/?page_id=35"},"modified":"2023-06-13T12:23:45","modified_gmt":"2023-06-13T12:23:45","slug":"projects","status":"publish","type":"page","link":"https:\/\/annedubos.com\/index.php\/projects\/","title":{"rendered":"Projects (page statique)"},"content":{"rendered":"\n<h4 class=\"wp-block-heading\">2020 l 21 Cosmophanies <\/h4>\n\n\n\n<figure class=\"wp-block-image size-large\"><img loading=\"lazy\" decoding=\"async\" width=\"512\" height=\"512\" src=\"http:\/\/annedubos.com\/wp-content\/uploads\/2021\/01\/cropped-SQFY9737.jpeg\" alt=\"\" class=\"wp-image-66\" srcset=\"https:\/\/annedubos.com\/wp-content\/uploads\/2021\/01\/cropped-SQFY9737.jpeg 512w, https:\/\/annedubos.com\/wp-content\/uploads\/2021\/01\/cropped-SQFY9737-300x300.jpeg 300w, https:\/\/annedubos.com\/wp-content\/uploads\/2021\/01\/cropped-SQFY9737-150x150.jpeg 150w, https:\/\/annedubos.com\/wp-content\/uploads\/2021\/01\/cropped-SQFY9737-360x360.jpeg 360w, https:\/\/annedubos.com\/wp-content\/uploads\/2021\/01\/cropped-SQFY9737-270x270.jpeg 270w, https:\/\/annedubos.com\/wp-content\/uploads\/2021\/01\/cropped-SQFY9737-192x192.jpeg 192w, https:\/\/annedubos.com\/wp-content\/uploads\/2021\/01\/cropped-SQFY9737-180x180.jpeg 180w, https:\/\/annedubos.com\/wp-content\/uploads\/2021\/01\/cropped-SQFY9737-32x32.jpeg 32w\" sizes=\"auto, (max-width: 512px) 100vw, 512px\" \/><figcaption class=\"wp-element-caption\">Cosmophanies, Anne Dubos, 2019.<\/figcaption><\/figure>\n\n\n\n<p><em>Cosmophanies&nbsp;<\/em>s\u2019appuie sur la tradition de la danse de l\u2019Ourse, que l\u2019on trouve dans le cont\u00e9 de Piatra-Neamt en Moldavie Roumaine. Entre les danses, les ours apparaissent. Sous le mouvement de leurs peaux semblent s\u2019agencer des mill\u00e9naires de traditions narratives. Le projet de la pi\u00e8ce est non seulement celui de collecter les images et les sons d\u2019archive de cette danse traditionnelle, mais de concevoir un dispositif pour une narration performative et&nbsp;<em>transm\u00e9diale&nbsp;<\/em>.<\/p>\n\n\n\n<p>\u00c0 partir de la programmation de capteurs de mouvement ma recherche explore l\u2019agencement de la danse, de la musique, de la photographie et de la vid\u00e9o pour la sc\u00e8ne comme pour un dispositif plastique. Le projet s&#8217;articule selon plusieurs phases :<br>          1. Une part de documentation sur les paysages visuels et sonores de Moldavie (collecte, travail sur des mat\u00e9riaux d\u2019archive et des textures sonores).<br>         2. Une recherche sur des r\u00e9pertoires de gestes, mise en relation aux outils num\u00e9riques embarqu\u00e9s pour la performance en temps r\u00e9el (capteurs inertiels, acc\u00e9l\u00e9rateurs, magn\u00e9tom\u00e8tres et algorithmes de reconnaissance de geste).<br>        3. Une recherche musicale :&nbsp;<em>\u00e9criture<\/em>,&nbsp;<em>composition&nbsp;<\/em>et&nbsp;<em>sound-design&nbsp;<\/em>;<br>        4. Une recherche sur les techniques narratives initi\u00e9es par les nouvelles capacit\u00e9s de la performance augment\u00e9e \u2014 relations (perceptives) g\u00e9n\u00e9r\u00e9es entre geste et paysage visuel ou sonore.<\/p>\n\n\n\n<blockquote class=\"wp-block-quote is-layout-flow wp-block-quote-is-layout-flow\">\n<p>&#8221; Pour&nbsp;<em>Cosmophanies<\/em>, je suis \u00e0 la recherche d\u2019une tradition mythologique ancienne de l&#8217;Europe pr\u00e9- chr\u00e9tienne. On peut retrouver les traces de cette tradition \u00e0 travers l\u2019apparition de personnages populaires en Bulgarie, en Roumanie, dans les Pyr\u00e9n\u00e9es, et m\u00eame au c\u0153ur des carnavals suisses, sous forme de danses masqu\u00e9es&#8221;.<\/p>\n<\/blockquote>\n\n\n\n<p><\/p>\n\n\n\n<h4 class=\"wp-block-heading\">2020 l 21 Sonographies<\/h4>\n\n\n\n<figure class=\"wp-block-image size-large\"><img loading=\"lazy\" decoding=\"async\" width=\"1024\" height=\"683\" src=\"http:\/\/annedubos.com\/wp-content\/uploads\/2021\/02\/3Q6B4107-1024x683.jpg\" alt=\"\" class=\"wp-image-297\" srcset=\"https:\/\/annedubos.com\/wp-content\/uploads\/2021\/02\/3Q6B4107-1024x683.jpg 1024w, https:\/\/annedubos.com\/wp-content\/uploads\/2021\/02\/3Q6B4107-300x200.jpg 300w, https:\/\/annedubos.com\/wp-content\/uploads\/2021\/02\/3Q6B4107-768x512.jpg 768w, https:\/\/annedubos.com\/wp-content\/uploads\/2021\/02\/3Q6B4107-1536x1024.jpg 1536w, https:\/\/annedubos.com\/wp-content\/uploads\/2021\/02\/3Q6B4107-2048x1365.jpg 2048w, https:\/\/annedubos.com\/wp-content\/uploads\/2021\/02\/3Q6B4107-720x480.jpg 720w\" sizes=\"auto, (max-width: 1024px) 100vw, 1024px\" \/><figcaption class=\"wp-element-caption\">Sonographies, Anne Dubos, 2019.<\/figcaption><\/figure>\n\n\n\n<p>En 2018, la DRAC Auvergne&nbsp;Rhones-Alpes lan\u00e7ait un projet pilote, visant \u00e0 faire collaborer l&#8217;ensemble des parcs de la r\u00e9gion, les artistes et les chercheurs. \u00ab&nbsp;<em>Chemin faisan<\/em>t&nbsp;\u00bb produit un appel afin de mettre en lumi\u00e8re \u00e0 la fois la singularit\u00e9 de la vie des communaut\u00e9s au sein des PNR et tend \u00e0 questionner et \u00e0 pratiquer les itin\u00e9rances culturelles, sur les territoires des parcs.&nbsp;Techniquement, il s\u2019agit \u00e9galement de faire collaborer&nbsp;des&nbsp;artistes et des chercheurs, sur le territoire des parcs et pour une p\u00e9riode de trois ans. Chaque ann\u00e9e, un bin\u00f4me d\u2019artistes-chercheurs est invit\u00e9 \u00e0 r\u00e9sider trois mois dans trois parcs, choisis \u00e0 l&#8217;issue d&#8217;une concertation entre la DRAC et l&#8217;ensemble des PNR.&nbsp;En 2020, ce sont les parcs de Chartreuse, Pilat et Monts d\u2019Ard\u00e8che qui accueillaient les r\u00e9sidences.<\/p>\n\n\n\n<blockquote class=\"wp-block-quote is-style-default is-layout-flow wp-block-quote-is-layout-flow\">\n<p>En \u00e9crivant&nbsp;<em>Sonographies<\/em>&nbsp;il s\u2019agit d\u2019\u00e9laborer des cartographies de paysages, qui superpose tant les sonorit\u00e9s, que les trajectoires ou les perceptions des itin\u00e9rances men\u00e9es sur le sentier des Huguenots.&nbsp;\u00c0 partir d\u2019une collecte d\u2019objets sonores pr\u00e9lev\u00e9s sur les sentiers ou les lieux de m\u00e9moire&nbsp;<em>Sonographies&nbsp;<\/em>convoque les notions de paysage sonore, d\u2019itin\u00e9rance et de cartographie. Il s\u2019agit d\u2019y d\u00e9velopper un processus de recherche sur la connaissance sonore des territoires. Puis selon l\u2019agencement d\u2019\u00e9l\u00e9ments th\u00e9oriques, telles les notions de cosmophanie, d\u2019acoust\u00e9mologie ou d\u2019ethnoscape, sur le terrain le projet prend forme d\u2019une enqu\u00eate, d\u2019ateliers de pratiques d\u2019\u00e9coute et de promenades sonores, mat\u00e9rialis\u00e9es plus tard sous la forme d\u2019une installation transm\u00e9diale.<\/p>\n<\/blockquote>\n\n\n\n<p><\/p>\n\n\n\n<h4 class=\"wp-block-heading\">2019 des_gestes_augment\u00e9s<\/h4>\n\n\n\n<figure class=\"wp-block-image size-large\"><img loading=\"lazy\" decoding=\"async\" width=\"1024\" height=\"563\" src=\"https:\/\/annedubos.com\/wp-content\/uploads\/2021\/02\/Capture-decran-2018-02-03-a-14.26.27-1024x563.png\" alt=\"\" class=\"wp-image-290\" srcset=\"https:\/\/annedubos.com\/wp-content\/uploads\/2021\/02\/Capture-decran-2018-02-03-a-14.26.27-1024x563.png 1024w, https:\/\/annedubos.com\/wp-content\/uploads\/2021\/02\/Capture-decran-2018-02-03-a-14.26.27-300x165.png 300w, https:\/\/annedubos.com\/wp-content\/uploads\/2021\/02\/Capture-decran-2018-02-03-a-14.26.27-768x423.png 768w, https:\/\/annedubos.com\/wp-content\/uploads\/2021\/02\/Capture-decran-2018-02-03-a-14.26.27-720x396.png 720w, https:\/\/annedubos.com\/wp-content\/uploads\/2021\/02\/Capture-decran-2018-02-03-a-14.26.27.png 1432w\" sizes=\"auto, (max-width: 1024px) 100vw, 1024px\" \/><figcaption class=\"wp-element-caption\">des_gestes_augment\u00e9s, Anne Dubos, 2019.<\/figcaption><\/figure>\n\n\n\n<p>L&#8217;objectif des gestes augment\u00e9s est de d\u00e9fier les limites de la r\u00e9flexion actuelle sur la technologie informatique des objets connect\u00e9s. Cela comprend l&#8217;exp\u00e9rimentation et la conception de nouveaux gestes pour les appareils num\u00e9riques (Dubos et al., 2017). L&#8217;enjeu de ce projet est de travailler \u00e0 un outil technologique et critique pour une approche sensible (ph\u00e9nom\u00e9nologique et narrative) de la r\u00e9alit\u00e9. Le projet convoque les notions de paysage sonore, d\u2019improvisation et de manipulation. Ces notions sont mises en relations en vue d\u2019apporter un renouveau sur celle de dispositif, propos\u00e9e par la th\u00e9orie de Foucault, sur l\u2019architecture du savoir.<\/p>\n\n\n\n<blockquote class=\"wp-block-quote is-style-default is-layout-flow wp-block-quote-is-layout-flow\">\n<p>Si d&#8217;apr\u00e8s mon observation du th\u00e9\u00e2tre au Kerala (Inde du Sud)&nbsp;le corps de l\u2019acteur comme le corps du danseur, est <em>cosmophane<\/em> : il manifeste l\u2019existence d\u2019un paysage, qui n\u2019est autre que le regard que porte une soci\u00e9t\u00e9 sur son environnement. Le jeu du th\u00e9\u00e2tre raconte la vie du paysage social qui fabrique sa pr\u00e9sence. Mais que se passe-t-il aujourd\u2019hui dans les arts contemporains ? Que disent les corps des danseurs des paysages urbains qui les construisent ? Travailler sur un jeu d\u2019\u00e9coute collective dans le but de g\u00e9n\u00e9rer un paysage sonore contributif pourrait \u00eatre consid\u00e9r\u00e9 comme oeuvre de <em>m\u00e9diation<\/em>. \u00c9veil \u00e0 la perception, la manifestation de paysages sonores, l\u2019enjeu est d\u2019inviter \u00e0 la critique des rapports de force, cherchant \u00e0 privil\u00e9gier la qualit\u00e9 des relations.<\/p>\n<\/blockquote>\n\n\n\n<p>des_gestes_augment\u00e9s est un projet soutenu par Arcadi et la R\u00e9gion Ile-de-France.<\/p>\n\n\n\n<h4 class=\"wp-block-heading\">2019 l 2020 Pal\u00e9ograph&#8217;<\/h4>\n\n\n\n<figure class=\"wp-block-image size-large\"><img loading=\"lazy\" decoding=\"async\" width=\"1024\" height=\"683\" src=\"http:\/\/annedubos.com\/wp-content\/uploads\/2021\/02\/Paleograph_10_Little_Heart_Movement-1024x683.jpg\" alt=\"\" class=\"wp-image-293\" srcset=\"https:\/\/annedubos.com\/wp-content\/uploads\/2021\/02\/Paleograph_10_Little_Heart_Movement-1024x683.jpg 1024w, https:\/\/annedubos.com\/wp-content\/uploads\/2021\/02\/Paleograph_10_Little_Heart_Movement-300x200.jpg 300w, https:\/\/annedubos.com\/wp-content\/uploads\/2021\/02\/Paleograph_10_Little_Heart_Movement-768x512.jpg 768w, https:\/\/annedubos.com\/wp-content\/uploads\/2021\/02\/Paleograph_10_Little_Heart_Movement-1536x1024.jpg 1536w\" sizes=\"auto, (max-width: 1024px) 100vw, 1024px\" \/><figcaption class=\"wp-element-caption\">Pal\u00e9ograph&#8217; 2020, Anne Dubos.<\/figcaption><\/figure>\n\n\n\n<p>Anciennes de pr\u00e8s de 30 000 ans, les peintures des Grottes de Saulges disent quelque chose de notre humanit\u00e9. Mais comment furent-elles r\u00e9alis\u00e9es, et quelle put \u00eatre leur fonction ?&nbsp;Tableau de chasse, th\u00e9\u00e2tre d&#8217;ombres, rite fun\u00e9raire ou de fertilit\u00e9 ? \u00c0 des mill\u00e9naires de distance, le dispositif num\u00e9rique interactif<em>Pal\u00e9ograph\u2019<\/em>&nbsp;nous permet de d\u00e9couvrir ce patrimoine dont nous avons tous h\u00e9rit\u00e9.&nbsp;Telle une aventure in\u00e9dite il permet au spectateur de d\u00e9couvrir l\u2019art pari\u00e9tal \u00e0 travers une vari\u00e9t\u00e9 de sc\u00e8nes projet\u00e9es sur un \u00e9cran de grande dimension. Si l\u2019on est d&#8217;abord invit\u00e9 \u00e0 visiter la grotte Mayenne Sciences \u00e0 travers l\u2019activation de son mod\u00e8le 3D, le dispositif engage ses visiteurs \u00e0 inventer les peintures des relev\u00e9s arch\u00e9ologiques par un geste de frottement sur l\u2019\u00e9cran. Les textures de peinture num\u00e9riques permettent ensuite de vivre l\u2019exp\u00e9rience de la peinture \u00e0 travers les gestes du peintre. Chaque sc\u00e8ne s\u2019accompagne d\u2019un paysage sonore interactif dont la composition varie d\u2019apr\u00e8s les gestes du public. Tout se passe alors comme si la grotte nous r\u00e9pondait. Aux fronti\u00e8res de la recherche entre arts, sciences et technologie, le dispositif num\u00e9rique interactif invite le public \u00e0 la d\u00e9couverte de l\u2019art pal\u00e9olithique total : son, lumi\u00e8re, image et mouvement.<\/p>\n\n\n\n<p><\/p>\n\n\n\n<h4 class=\"wp-block-heading\">2017 l 18 Les Mains N\u00e9gatives<\/h4>\n\n\n\n<figure class=\"wp-block-image size-large\"><img loading=\"lazy\" decoding=\"async\" width=\"1024\" height=\"768\" src=\"https:\/\/annedubos.com\/wp-content\/uploads\/2021\/02\/IMG_20170727_183442-1024x768.jpg\" alt=\"\" class=\"wp-image-361\" srcset=\"https:\/\/annedubos.com\/wp-content\/uploads\/2021\/02\/IMG_20170727_183442-1024x768.jpg 1024w, https:\/\/annedubos.com\/wp-content\/uploads\/2021\/02\/IMG_20170727_183442-300x225.jpg 300w, https:\/\/annedubos.com\/wp-content\/uploads\/2021\/02\/IMG_20170727_183442-768x576.jpg 768w, https:\/\/annedubos.com\/wp-content\/uploads\/2021\/02\/IMG_20170727_183442-1536x1152.jpg 1536w, https:\/\/annedubos.com\/wp-content\/uploads\/2021\/02\/IMG_20170727_183442-2048x1536.jpg 2048w, https:\/\/annedubos.com\/wp-content\/uploads\/2021\/02\/IMG_20170727_183442-720x540.jpg 720w\" sizes=\"auto, (max-width: 1024px) 100vw, 1024px\" \/><figcaption class=\"wp-element-caption\">Les Mains N\u00e9gatives, Anne Dubos &amp; Jasch, 2018.<\/figcaption><\/figure>\n\n\n\n<p>Les mains n\u00e9gatives apparaissent sur les parois des grottes pr\u00e9historiques, elles sont vivantes dans la culture aborig\u00e8ne et figurent \u00e9galement de mani\u00e8re transpos\u00e9e dans les graffitis et les arts num\u00e9riques.<br>Dans l&#8217;espace m\u00e9diatique interactif de l&#8217;Immersive Lab&nbsp;(ZHdK), le geste de peinture est r\u00e9interpr\u00e9t\u00e9 telle une exp\u00e9rience&nbsp;<em>vive<\/em>. Le visiteur est invit\u00e9 \u00e0 vivre une exp\u00e9rience de peinture synth\u00e9tique.<br>Telle une &#8220;iconologie fluide&#8221; en \u00e9cho \u00e0 la m\u00e9thode de&nbsp;<em>l&#8217;Atlas Mn\u00e9mosyne&nbsp;<\/em>d&#8217;Aby Warburg, les actions exploratoires des artistes-chercheurs comme du public engendrent une re-m\u00e9diation du statut comme des mati\u00e8res de l&#8217;archive.<br>Dans un processus cyclique d&#8217;investigation, d&#8217;interpr\u00e9tation et de construction, les diff\u00e9rents mat\u00e9riaux migrent entre le num\u00e9rique et le physique. Comment un dispositif technologique peut-il manifester la performance d&#8217;un geste vieux de 40 000 ans \u00e0 travers un processus iconologique?<br>La configuration interactive et immersive du dispositif permet une nouvelle mise en mati\u00e8re des objets archiv\u00e9s. G\u00e9n\u00e9rant la fluidit\u00e9 entre les mat\u00e9riaux et les interactions homme- machine permettent \u00e0 des structures complexes de devenir visibles et accessibles.<br>Cette mise en \u0153uvre g\u00e9n\u00e8re un objet artistique dont la base premi\u00e8re est la production de connaissances \u00e0 travers l&#8217;exp\u00e9rience.<\/p>\n\n\n\n<blockquote class=\"wp-block-quote is-style-default is-layout-flow wp-block-quote-is-layout-flow\">\n<p>Le projet de recherche exploratoire&nbsp;<em>Les Mains N\u00e9gatives&nbsp;<\/em>sert de dispositif exp\u00e9rimental d&#8217;observation et d&#8217;analyse des gestes, selon un agencement po\u00e9tique compos\u00e9 d&#8217;images et de sons. Afin d&#8217;incarner des documents d&#8217;archives, il prend les formes num\u00e9riques d&#8217;une iconologie fluide. Il est \u00e0 la fois porteur et t\u00e9moin des traces d&#8217;une cosmographie<\/p>\n<\/blockquote>\n\n\n\n<p><\/p>\n\n\n\n<h4 class=\"wp-block-heading\">2016 l 17 Rock Arts Rocks Me<\/h4>\n\n\n\n<figure class=\"wp-block-image size-large\"><img loading=\"lazy\" decoding=\"async\" width=\"1024\" height=\"683\" src=\"https:\/\/annedubos.com\/wp-content\/uploads\/2021\/02\/MG_2495-1024x683.jpg\" alt=\"\" class=\"wp-image-295\" srcset=\"https:\/\/annedubos.com\/wp-content\/uploads\/2021\/02\/MG_2495-1024x683.jpg 1024w, https:\/\/annedubos.com\/wp-content\/uploads\/2021\/02\/MG_2495-300x200.jpg 300w, https:\/\/annedubos.com\/wp-content\/uploads\/2021\/02\/MG_2495-768x512.jpg 768w, https:\/\/annedubos.com\/wp-content\/uploads\/2021\/02\/MG_2495-1536x1024.jpg 1536w, https:\/\/annedubos.com\/wp-content\/uploads\/2021\/02\/MG_2495-2048x1365.jpg 2048w, https:\/\/annedubos.com\/wp-content\/uploads\/2021\/02\/MG_2495-720x480.jpg 720w\" sizes=\"auto, (max-width: 1024px) 100vw, 1024px\" \/><figcaption class=\"wp-element-caption\">Rock Art Rocks Me, Anne Dubos &amp; Little Heart Movement, 2018.<\/figcaption><\/figure>\n\n\n\n<p>Anciennes de&nbsp;36&nbsp;000 ans, les peintures de la&nbsp;Grotte Chauvet&nbsp;disent quelque chose de notre humanit\u00e9. Comment \u00e9taient r\u00e9alis\u00e9es ces peintures ? Et quelle pouvait \u00eatre leur fonction ? Nous sommes \u00e0 la recherche de quelque chose de primitif : une&nbsp;m\u00e9moire&nbsp;d\u2019avant notre naissance. Quelque chose d\u2019\u00e9vident que nous portons, qui vit et se transforme en nous :&nbsp;les gestes des premiers hommes. Aux fronti\u00e8res de la recherche entre arts, sciences et technologie, notre pi\u00e8ce tend \u00e0 la reconstitution d\u2019une sc\u00e8ne d\u2019art pari\u00e9tal en action.&nbsp;Elle permet \u00e9galement de faire jouer les fronti\u00e8res disciplinaires entre spectacles vivant, art visuel, technologies et arts num\u00e9riques.<\/p>\n\n\n\n<blockquote class=\"wp-block-quote is-style-default is-layout-flow wp-block-quote-is-layout-flow\">\n<p>Le projet contient trois axes dont les th\u00e9matiques son communes et co-g\u00e9n\u00e9ratives : un axe recherche, un axe cr\u00e9ation et un axe p\u00e9dagogie. <\/p>\n<\/blockquote>\n\n\n\n<p><\/p>\n\n\n\n<h4 class=\"wp-block-heading\">2015 Danse &amp; avatars<\/h4>\n\n\n\n<figure class=\"wp-block-image size-large\"><img loading=\"lazy\" decoding=\"async\" width=\"1024\" height=\"568\" src=\"http:\/\/annedubos.com\/wp-content\/uploads\/2021\/02\/Capture-decran-2016-01-15-a-11.13.43-1024x568.png\" alt=\"\" class=\"wp-image-250\" srcset=\"https:\/\/annedubos.com\/wp-content\/uploads\/2021\/02\/Capture-decran-2016-01-15-a-11.13.43-1024x568.png 1024w, https:\/\/annedubos.com\/wp-content\/uploads\/2021\/02\/Capture-decran-2016-01-15-a-11.13.43-300x166.png 300w, https:\/\/annedubos.com\/wp-content\/uploads\/2021\/02\/Capture-decran-2016-01-15-a-11.13.43-768x426.png 768w, https:\/\/annedubos.com\/wp-content\/uploads\/2021\/02\/Capture-decran-2016-01-15-a-11.13.43-720x399.png 720w, https:\/\/annedubos.com\/wp-content\/uploads\/2021\/02\/Capture-decran-2016-01-15-a-11.13.43.png 1262w\" sizes=\"auto, (max-width: 1024px) 100vw, 1024px\" \/><figcaption class=\"wp-element-caption\">dance &amp; avatars, Anne Dubos &amp; Little Heart Movement, 2019.<\/figcaption><\/figure>\n\n\n\n<p>Danse &amp; avatars est une rencontre entre l\u2019anthropologie, la performance et les arts num\u00e9riques. Chacun des acteurs apportant avec lui ses comp\u00e9tences, le travail de conception d\u2019une \u0153uvre est \u00e0 la recherche d\u2019un dialogue possible entre les techniques traditionnelle (le kalarippayattu \u2014 art martial du Kerala), des techniques d\u2019acteurs (VIEWPOINT, contact, suzuki), la recherche en captation de geste et de mouvement 3D (motion capture et vid\u00e9o tracking) et la projection vid\u00e9o en temps r\u00e9el. \u00c0 partir de la technique de cr\u00e9ation collective, notre \u00e9quipe cherchera \u00e0 concevoir une pi\u00e8ce, d\u2019une dur\u00e9e comprise entre 7 et 8 minutes.<\/p>\n\n\n\n<p>La r\u00e9sidence se compose en deux temps de cr\u00e9ation, localis\u00e9s \u00e0 deux endroits du b\u00e2timent de St\u00e9r\u00e9olux : au 3\u00e8me&nbsp;\u00e9tage, dans une salle du Laboratoire Arts et Technologie (la salle Multi 3) et au rez-de-chauss\u00e9e, sur la sc\u00e8ne (le Maxi).<br>Sur sc\u00e8ne, Marta Rosa (actrice \/ performer), part \u00e0 la rencontre de son double : son avatar. Ce fant\u00f4me n\u2019est autre que l\u2019empreinte digitale du corps de Shyne Gurukkal, pr\u00e9alablement capt\u00e9 (via motion capture) par Judith Guez et Jean-Fran\u00e7ois Jego au laboratoire de l\u2019INREV, \u00e0 Paris 8. L\u2019avatar est rendu visible \u00e0 partir des techniques de vid\u00e9o projection en temps r\u00e9el, d\u00e9velopp\u00e9es par Pierre Gufflet. Dans les salles du \u00ab Labo \u00bb, Judith, Anne, Pierre, et Jean-Fran\u00e7ois chercheront \u00e0 d\u00e9velopper des formes variables de l\u2019avatar, des techniques de projection, de captation ou de d\u00e9tection de mouvement adapt\u00e9es aux besoins de la performance.<br>Le dispositif de projection \u2014 \u00e9cran, projection sur corps, tracking, n\u00e9cessite un temps de recherche et d\u2019adaptation au plateau. Thomas Bachelier et Emmanuel Vallette documentent l\u2019ensemble du processus cr\u00e9atif, du Multi au Maxi.&nbsp;<\/p>\n\n\n\n<blockquote class=\"wp-block-quote is-style-default is-layout-flow wp-block-quote-is-layout-flow\">\n<p>Au-del\u00e0 de cr\u00e9er une passerelle entre les arts performatifs et num\u00e9riques, les sciences humaines et la technologie, porteuse d\u2019\u00e9mergences tant \u00e9pist\u00e9mologiques que technologiques, l&#8217;enjeu de la r\u00e9sidence permet de concevoir une maquette vid\u00e9o du projet, document t\u00e9moin de la recherche en cours.<\/p>\n<\/blockquote>\n\n\n\n<h6 class=\"wp-block-heading\"><\/h6>\n\n\n\n<p><\/p>\n","protected":false},"excerpt":{"rendered":"<p>2020 l 21 Cosmophanies Cosmophanies&nbsp;s\u2019appuie sur la tradition de la danse de l\u2019Ourse, que l\u2019on trouve dans le cont\u00e9 de [&hellip;]<\/p>\n","protected":false},"author":1,"featured_media":0,"parent":0,"menu_order":0,"comment_status":"closed","ping_status":"closed","template":"","meta":{"footnotes":""},"class_list":["post-35","page","type-page","status-publish","hentry","col-lg-4 col-md-6"],"_links":{"self":[{"href":"https:\/\/annedubos.com\/index.php\/wp-json\/wp\/v2\/pages\/35","targetHints":{"allow":["GET"]}}],"collection":[{"href":"https:\/\/annedubos.com\/index.php\/wp-json\/wp\/v2\/pages"}],"about":[{"href":"https:\/\/annedubos.com\/index.php\/wp-json\/wp\/v2\/types\/page"}],"author":[{"embeddable":true,"href":"https:\/\/annedubos.com\/index.php\/wp-json\/wp\/v2\/users\/1"}],"replies":[{"embeddable":true,"href":"https:\/\/annedubos.com\/index.php\/wp-json\/wp\/v2\/comments?post=35"}],"version-history":[{"count":23,"href":"https:\/\/annedubos.com\/index.php\/wp-json\/wp\/v2\/pages\/35\/revisions"}],"predecessor-version":[{"id":1852,"href":"https:\/\/annedubos.com\/index.php\/wp-json\/wp\/v2\/pages\/35\/revisions\/1852"}],"wp:attachment":[{"href":"https:\/\/annedubos.com\/index.php\/wp-json\/wp\/v2\/media?parent=35"}],"curies":[{"name":"wp","href":"https:\/\/api.w.org\/{rel}","templated":true}]}}